{"id":8099,"date":"2016-02-07T23:11:47","date_gmt":"2016-02-07T23:11:47","guid":{"rendered":"http:\/\/anistiapolitica.org.br\/abap3\/?page_id=8099"},"modified":"2021-08-30T18:08:51","modified_gmt":"2021-08-30T18:08:51","slug":"videos","status":"publish","type":"page","link":"https:\/\/anistiapolitica.org.br\/abap3\/videos\/","title":{"rendered":"V\u00cddeos"},"content":{"rendered":"<p><iframe loading=\"lazy\" title=\"ABAP   42 Anos da Lei da Anistia\" width=\"720\" height=\"405\" src=\"https:\/\/www.youtube.com\/embed\/KE_6O-GBhiU?feature=oembed\" frameborder=\"0\" allow=\"accelerometer; autoplay; clipboard-write; encrypted-media; gyroscope; picture-in-picture\" allowfullscreen><\/iframe><\/p>\n<p>&nbsp;<\/p>\n<p>Programa 3 a 1 Anistia Pol\u00edtica &#8211; Parte 01<br \/>\n<iframe loading=\"lazy\" src=\"https:\/\/www.youtube.com\/embed\/4P1rdba-_ow?feature=player_embedded\" width=\"640\" height=\"360\" frameborder=\"0\" allowfullscreen=\"allowfullscreen\"><\/iframe><br \/>\nPrograma 3 a 1 Anistia Pol\u00edtica &#8211; Parte 02<br \/>\n<iframe loading=\"lazy\" src=\"https:\/\/www.youtube.com\/embed\/9_pMovuRaUg?feature=player_embedded\" width=\"640\" height=\"360\" frameborder=\"0\" allowfullscreen=\"allowfullscreen\"><\/iframe><br \/>\nPrograma 3 a 1 Anistia Pol\u00edtica &#8211; Parte 03<br \/>\n<iframe loading=\"lazy\" src=\"https:\/\/www.youtube.com\/embed\/btsALyiyOh0?feature=player_embedded\" width=\"640\" height=\"360\" frameborder=\"0\" allowfullscreen=\"allowfullscreen\"><\/iframe><br \/>\nPrograma 3 a 1 Anistia Pol\u00edtica &#8211; Parte 04<br \/>\n<iframe loading=\"lazy\" src=\"https:\/\/www.youtube.com\/embed\/gHmKELrb_lg?feature=player_embedded\" width=\"640\" height=\"360\" frameborder=\"0\" allowfullscreen=\"allowfullscreen\"><\/iframe><\/p>\n","protected":false},"excerpt":{"rendered":"<p>&nbsp; Programa 3 a 1 Anistia Pol\u00edtica &#8211; Parte 01 Programa 3 a 1 Anistia Pol\u00edtica &#8211; Parte 02 Programa 3 a 1 Anistia Pol\u00edtica &#8211; Parte 03 Programa 3 a 1 Anistia Pol\u00edtica &#8211; Parte 04<\/p>\n","protected":false},"author":1,"featured_media":0,"parent":0,"menu_order":0,"comment_status":"closed","ping_status":"closed","template":"","meta":{"footnotes":""},"_links":{"self":[{"href":"https:\/\/anistiapolitica.org.br\/abap3\/wp-json\/wp\/v2\/pages\/8099"}],"collection":[{"href":"https:\/\/anistiapolitica.org.br\/abap3\/wp-json\/wp\/v2\/pages"}],"about":[{"href":"https:\/\/anistiapolitica.org.br\/abap3\/wp-json\/wp\/v2\/types\/page"}],"author":[{"embeddable":true,"href":"https:\/\/anistiapolitica.org.br\/abap3\/wp-json\/wp\/v2\/users\/1"}],"replies":[{"embeddable":true,"href":"https:\/\/anistiapolitica.org.br\/abap3\/wp-json\/wp\/v2\/comments?post=8099"}],"version-history":[{"count":4,"href":"https:\/\/anistiapolitica.org.br\/abap3\/wp-json\/wp\/v2\/pages\/8099\/revisions"}],"predecessor-version":[{"id":13705,"href":"https:\/\/anistiapolitica.org.br\/abap3\/wp-json\/wp\/v2\/pages\/8099\/revisions\/13705"}],"wp:attachment":[{"href":"https:\/\/anistiapolitica.org.br\/abap3\/wp-json\/wp\/v2\/media?parent=8099"}],"curies":[{"name":"wp","href":"https:\/\/api.w.org\/{rel}","templated":true}]}}